{"id":1038,"date":"2024-11-12T10:44:41","date_gmt":"2024-11-12T10:44:41","guid":{"rendered":"https:\/\/cyclingwintersun.com\/elementskit-content\/dynamic-content-widget-79995ce-5c437ff-2\/"},"modified":"2024-11-12T10:44:55","modified_gmt":"2024-11-12T10:44:55","slug":"dynamic-content-widget-79995ce-5c437ff-2","status":"publish","type":"elementskit_content","link":"https:\/\/cyclingwintersun.com\/es\/elementskit-content\/dynamic-content-widget-79995ce-5c437ff-2\/","title":{"rendered":"dynamic-content-widget-79995ce-5c437ff"},"content":{"rendered":"<div data-elementor-type=\"wp-post\" data-elementor-id=\"1038\" class=\"elementor elementor-1038\" data-elementor-post-type=\"elementskit_content\">\n\t\t\t\t<div class=\"elementor-element elementor-element-51d25ff e-flex e-con-boxed e-con e-parent\" data-id=\"51d25ff\" data-element_type=\"container\">\n\t\t\t\t\t<div class=\"e-con-inner\">\n\t\t\t\t<div class=\"elementor-element elementor-element-2c96329 elementor-widget elementor-widget-heading\" data-id=\"2c96329\" data-element_type=\"widget\" data-settings=\"{&quot;ekit_we_effect_on&quot;:&quot;none&quot;}\" data-widget_type=\"heading.default\">\n\t\t\t\t<div class=\"elementor-widget-container\">\n\t\t\t<h2 class=\"elementor-heading-title elementor-size-default\">Descripci\u00f3n<\/h2>\t\t<\/div>\n\t\t\t\t<\/div>\n\t\t\t\t<div class=\"elementor-element elementor-element-5e97106 elementor-widget elementor-widget-text-editor\" data-id=\"5e97106\" data-element_type=\"widget\" data-settings=\"{&quot;ekit_we_effect_on&quot;:&quot;none&quot;}\" data-widget_type=\"text-editor.default\">\n\t\t\t\t<div class=\"elementor-widget-container\">\n\t\t\t\t\t\t\t<div id=\"container_descripcion\">\n<div id=\"descriptionText\">Villa Piver es una propiedad de 4 dormitorios que tiene unas bonitas vistas de la monta\u00f1a del Montg\u00f3 desde su amplia terraza donde puede cenar al aire libre mientras disfruta del fant\u00e1stico entorno que le rodea. La villa dispone de mobiliario contempor\u00e1neo y confortable. A poca distancia en coche se encuentra el popular centro tur\u00edstico de J\u00e1vea, que cuenta con una gran variedad de restaurantes, tiendas y bares, sin olvidar la playa de arena del Arenal.&nbsp;<\/div><div id=\"descriptionText\">Con wifi y aire acondicionado \/ calefacci\u00f3n en los dormitorios.<\/div>\n<\/div>\t\t\t\t\t\t<\/div>\n\t\t\t\t<\/div>\n\t\t\t\t\t<\/div>\n\t\t\t\t<\/div>\n\t\t\t\t<\/div>","protected":false},"parent":0,"template":"elementor_canvas","meta":{"site-sidebar-layout":"no-sidebar","site-content-layout":"page-builder","ast-site-content-layout":"full-width-container","site-content-style":"default","site-sidebar-style":"default","ast-global-header-display":"","ast-banner-title-visibility":"","ast-main-header-display":"","ast-hfb-above-header-display":"","ast-hfb-below-header-display":"","ast-hfb-mobile-header-display":"","site-post-title":"disabled","ast-breadcrumbs-content":"","ast-featured-img":"disabled","footer-sml-layout":"","theme-transparent-header-meta":"","adv-header-id-meta":"","stick-header-meta":"","header-above-stick-meta":"","header-main-stick-meta":"","header-below-stick-meta":"","astra-migrate-meta-layouts":"default","ast-page-background-enabled":"default","ast-page-background-meta":{"desktop":{"background-color":"","background-image":"","background-repeat":"repeat","background-position":"center center","background-size":"auto","background-attachment":"scroll","background-type":"","background-media":"","overlay-type":"","overlay-color":"","overlay-opacity":"","overlay-gradient":""},"tablet":{"background-color":"","background-image":"","background-repeat":"repeat","background-position":"center center","background-size":"auto","background-attachment":"scroll","background-type":"","background-media":"","overlay-type":"","overlay-color":"","overlay-opacity":"","overlay-gradient":""},"mobile":{"background-color":"","background-image":"","background-repeat":"repeat","background-position":"center center","background-size":"auto","background-attachment":"scroll","background-type":"","background-media":"","overlay-type":"","overlay-color":"","overlay-opacity":"","overlay-gradient":""}},"ast-content-background-meta":{"desktop":{"background-color":"var(--ast-global-color-5)","background-image":"","background-repeat":"repeat","background-position":"center center","background-size":"auto","background-attachment":"scroll","background-type":"","background-media":"","overlay-type":"","overlay-color":"","overlay-opacity":"","overlay-gradient":""},"tablet":{"background-color":"var(--ast-global-color-5)","background-image":"","background-repeat":"repeat","background-position":"center center","background-size":"auto","background-attachment":"scroll","background-type":"","background-media":"","overlay-type":"","overlay-color":"","overlay-opacity":"","overlay-gradient":""},"mobile":{"background-color":"var(--ast-global-color-5)","background-image":"","background-repeat":"repeat","background-position":"center center","background-size":"auto","background-attachment":"scroll","background-type":"","background-media":"","overlay-type":"","overlay-color":"","overlay-opacity":"","overlay-gradient":""}}},"class_list":["post-1038","elementskit_content","type-elementskit_content","status-publish","hentry"],"_links":{"self":[{"href":"https:\/\/cyclingwintersun.com\/es\/wp-json\/wp\/v2\/elementskit-content\/1038","targetHints":{"allow":["GET"]}}],"collection":[{"href":"https:\/\/cyclingwintersun.com\/es\/wp-json\/wp\/v2\/elementskit-content"}],"about":[{"href":"https:\/\/cyclingwintersun.com\/es\/wp-json\/wp\/v2\/types\/elementskit_content"}],"version-history":[{"count":3,"href":"https:\/\/cyclingwintersun.com\/es\/wp-json\/wp\/v2\/elementskit-content\/1038\/revisions"}],"predecessor-version":[{"id":1041,"href":"https:\/\/cyclingwintersun.com\/es\/wp-json\/wp\/v2\/elementskit-content\/1038\/revisions\/1041"}],"wp:attachment":[{"href":"https:\/\/cyclingwintersun.com\/es\/wp-json\/wp\/v2\/media?parent=1038"}],"curies":[{"name":"wp","href":"https:\/\/api.w.org\/{rel}","templated":true}]}}

<div data-elementor-type="wp-post" data-elementor-id="1038" class="elementor elementor-1038" data-elementor-post-type="elementskit_content">
				<div class="elementor-element elementor-element-51d25ff e-flex e-con-boxed e-con e-parent" data-id="51d25ff" data-element_type="container">
					<div class="e-con-inner">
				<div class="elementor-element elementor-element-2c96329 elementor-widget elementor-widget-heading" data-id="2c96329" data-element_type="widget" data-settings="{&quot;ekit_we_effect_on&quot;:&quot;none&quot;}" data-widget_type="heading.default">
				<div class="elementor-widget-container">
			<h2 class="elementor-heading-title elementor-size-default">Descripción</h2>		</div>
				</div>
				<div class="elementor-element elementor-element-5e97106 elementor-widget elementor-widget-text-editor" data-id="5e97106" data-element_type="widget" data-settings="{&quot;ekit_we_effect_on&quot;:&quot;none&quot;}" data-widget_type="text-editor.default">
				<div class="elementor-widget-container">
							<div id="container_descripcion">
<div id="descriptionText">Villa Piver es una propiedad de 4 dormitorios que tiene unas bonitas vistas de la montaña del Montgó desde su amplia terraza donde puede cenar al aire libre mientras disfruta del fantástico entorno que le rodea. La villa dispone de mobiliario contemporáneo y confortable. A poca distancia en coche se encuentra el popular centro turístico de Jávea, que cuenta con una gran variedad de restaurantes, tiendas y bares, sin olvidar la playa de arena del Arenal.&nbsp;</div><div id="descriptionText">Con wifi y aire acondicionado / calefacción en los dormitorios.</div>
</div>						</div>
				</div>
					</div>
				</div>
				</div>
